ose 18*z - 10*z = 304. Suppose z*h - 37*h = 209. What is the units digit of h?
9
Let v(k) = -2*k**2 + 588*k + 406. What is the thousands digit of v(98)?
8
Suppose 3*z - 4*o + 425 = 0, -5*o - 173 = 4*z + 342. Let v = z - -401. What is the hundreds digit of v?
2
Let l(c) = -48 - 40*c + 19*c - 33*c. Let x be l(-11). Suppose -3*b - 3*r + x = 0, -561 = -2*b - 4*r - 201. What is the units digit of b?
4
Suppose 0 = 3*s - 0*s + 3, -3771 = -5*b - 4*s. What is the units digit of b?
5
Let w be (344/(-215))/((-1)/25). What is the hundreds digit of w/5 + 0 - 4 - -410?
4
Suppose 0 = 5*w - p - 129643, w - 3*p + 17486 - 43423 = 0. What is the ten thousands digit of w?
2
Suppose -5*t + 0*i = 3*i - 133431, -160078 = -6*t + 2*i. What is the units digit of t?
2
Suppose -w = g - 51366, -39*w = -38*w + 5*g - 51402. What is the hundreds digit of w?
3
Let s be 231 - 4/(4/(-2)). Let t = -6471 + 6627. Let p = s - t. What is the tens digit of p?
7
Let u(b) be the second derivative of -b**4/12 + 8*b**3/3 + 29*b**2 - 31*b. Let a be u(21). Let n = 319 + a. What is the hundreds digit of n?
2
Suppose 122523 = 5*u + 4*w, -290*w + 24527 = u - 286*w. What is the thousands digit of u?
4
Suppose -3*z = 0, 5*f + 3*z + 70 = -2*z. What is the tens digit of (35/f)/(35/(-1204))?
8
Let a be 15/5 + 3/(-3)*6. Let d be (-2 + 5)*11/3 + a. Suppose d*v - 4*v - 360 = 0. What is the tens digit of v?
9
Suppose 4*n = 4*f + 20875 + 2657, 0 = 5*n + 4*f - 29469. What is the thousands digit of n?
5
Let m(n) = 36*n - 6. Let t be m(3). Suppose s - t = -5*p - 3, p = -s + 87. Let b = s - -9. What is the units digit of b?
3
Let b be -4 - -6 - (-2)/3*-3. Suppose -5*s + b*s + 445 = 0. Let m = s - 16. What is the tens digit of m?
7
Suppose -5*x + 25 = -p - p, -20 = p - 4*x. What is the hundreds digit of 443/(-3 - (-4 + p))?
4
Let l(c) be the second derivative of -11*c**5/20 - c**4/6 - c**3/6 - 25*c**2/2 + 112*c. What is the units digit of l(-3)?
7
Suppose 4*c + 4*j - 7472 = 0, 3728 = -56*c + 58*c + 4*j. What is the tens digit of c?
7
What is the thousands digit of (-6 - (-8 - 4069)) + (-5)/(10/8)?
4
Suppose 102*c + 242 = 101*c. Let v = c + 452. What is the tens digit of v?
1
Suppose 0 = a - 2*a. Let q = 118 + -57. Suppose o - q = -2*r, a = -3*o - 0*r - 5*r + 186. What is the units digit of o?
7
Suppose 0 = -h + 2*f + 125, 32*h = 31*h + 3*f + 121. Let g = h + -69. What is the tens digit of g?
6
Let s = -47057 + 78877. What is the hundreds digit of s?
8
Suppose 0 = 17*y - 18 + 3027. Let x = 485 + y. What is the hundreds digit of x?
3
Suppose -4*i = 20, 7*z - 5*z - 4*i = 12. What is the units digit of 1158/z*(-12 + (-56)/(-6))?
2
Suppose 2*c - 230672 = -16*c + 60316. What is the hundreds digit of c?
1
Let n(u) = u**3 - 16*u**2 + 15*u. Let h be n(15). Suppose -10*m + 15*m - 15 = h. Suppose 3*k - m*s - 131 = 2*s, -2*s = -k + 45. What is the tens digit of k?
3
Let x = -3030 - -9231. What is the hundreds digit of x?
2
Let l(m) = 3*m**3 - 9*m**2 + 5*m + 15011. What is the tens digit of l(0)?
1
Suppose 4*r = 7*r - 4*o - 87346, -4*r - 7*o + 116375 = 0. What is the units digit of r?
6
Let t = -4 - -6. Let m be (6*(-3)/(-24))/(141/(-16) - -9). Suppose -5*q - 4*f + 1105 = 0, t*q - 460 = -m*f + 6*f. What is the units digit of q?
5
Let q(d) = d**3 + 19*d**2 + 2. Let y be q(-19). Let p be 78*(y - 134/(-4)). What is the units digit of p/65 + 3/(-5)?
2
Let i = -47 - -43. Let w be ((-6)/(-4))/(i/32*-4). Suppose -4 = -j + w. What is the units digit of j?
7
Let h(g) = 19 - 4*g + 3*g + 6*g - 2*g. Let c be h(-3). What is the units digit of 10/25 - (-882)/c*3?
5
Suppose -9 = -4*r + 4*v + 19, -v = r - 7. Suppose -r*w = 349 - 2232. What is the hundreds digit of w?
2
Suppose -46 + 487 = -7*c. Let x = -59 - c. Suppose 7*n = x*n + 27. What is the units digit of n?
9
Let o(v) = -12*v - 29 + 65 - 4*v. What is the tens digit of o(-15)?
7
Suppose -5*a - j - 1 = 0, -41*a + 42*a = 5*j + 5. Suppose a = 5*g - 3545 - 3775. What is the thousands digit of g?
1
Suppose 0 = -122*g + 67*g + 52855. What is the hundreds digit of g?
9
Suppose 10 = -3*u + 28. Suppose -5*m = u*m - 5016. What is the units digit of m?
6
Let r = -1352 + 2238. Let f = r + 1127. What is the hundreds digit of f?
0
Let v(p) = 173*p + 5 - 170*p + 12*p**2 - 9. What is the hundreds digit of v(-5)?
2
Let l be (-130)/(1/(9*-8)). Suppose 0 = 11*r + 5*r - l. What is the hundreds digit of r?
5
Suppose 73402 + 750878 = 40*l. What is the tens digit of l?
0
Suppose -26 = -44*p + 18. What is the tens digit of ((-4184)/48)/(15/18 - p)?
2
Let x(q) = -4*q**2 + 2*q - 6. Let v(w) = 9*w**2 - 4*w + 11. Let j(c) = 6*v(c) + 11*x(c). Let i be j(3). Suppose -a - a + i = 0. What is the tens digit of a?
4
Let y(i) = 2. Let s(g) = -94*g - 86. Let a(w) = s(w) - 5*y(w). What is the tens digit of a(-11)?
3
Let s(k) = 16134*k**2 + 16*k - 24. What is the ten thousands digit of s(1)?
1
Let x be (-1232)/(-42) + 2/(-6). Suppose 2*c - 161 = -x. Suppose 3*g = 4*i - 303, i - c = 6*g - 2*g. What is the units digit of i?
8
Suppose -65 = -4*t + 287. Let z be ((-4)/(-10) - 621/115) + 98. Suppose t*x + 250 = z*x. What is the units digit of x?
0
Let y(r) = -5*r**2 - 5*r - 11. Suppose 6 = 15*k - 16*k. Let v be y(k). Let j = v - -226. What is the tens digit of j?
6
Let l(a) = 1353*a + 48. What is the ten thousands digit of l(32)?
4
Let t be (-117)/27 + (-2)/3. Let b = -3 - t. Let u(d) = 4*d**3 + d**2 - 7*d + 5. What is the units digit of u(b)?
7
Suppose 4*g - 436 = 2*y + 3*g, -g = 2. Let q = -174 - y. What is the tens digit of q?
4
Suppose -t = -3*a - 286, -3*t + 218 + 256 = -5*a. Let f = a - -109. Suppose 0 = -24*p + f*p + 440. What is the units digit of p?
0
What is the hundreds digit of (((-618548)/(-3))/7)/(42/63) + 2?
1
Let o(r) = -r**3 + 5*r**2 - 3*r - 2. Let n be o(3). Let l(m) = m**2 + 19*m + 30. Let a be l(-21). Suppose a - 800 = -n*g. What is the hundreds digit of g?
1
Suppose 0 = 60*g - 63605 - 71095. What is the hundreds digit of g?
2
Let k be (-26958)/34 + -3 + (-4)/34. Let w = -435 - k. What is the tens digit of w?
6
Suppose 2*z - 23168 - 530 = 0. What is the thousands digit of z?
1
Let j(q) = -8 + 19*q + q**3 - 18*q + 7*q**2 - 4. What is the hundreds digit of j(6)?
4
Suppose 9*q - 765 = -6*q. What is the hundreds digit of (q/6)/(9/378)?
3
Let y be 476/10 + 15/(-25). Suppose -51*u + 40 = -y*u. Suppose -u + 285 = 5*b. What is the tens digit of b?
5
Let w = 17207 - 8771. What is the thousands digit of w?
8
Suppose -3*a + 0*a = -6, 2*s - a - 2134 = 0. Suppose -5*g + 7*g = l + s, -4*g = -l - 2134. What is the units digit of g?
3
Let l = -72 + 6. Let v = l + 31. What is the units digit of 27/5 - (-14)/v?
5
Suppose -4*v + 96031 = -4*o - 397, 4*o = 28. What is the ten thousands digit of v?
2
Let q be ((-13)/(65/(-70)))/(6/9). Suppose 3 = -m, -25*m + 222 = 3*i - q*m. What is the tens digit of i?
7
Let f(c) = -5*c - 31. Let i be f(-7). Suppose a - 2*g - 1750 = 0, i*a + 2*g - 8053 = -1003. What is the hundreds digit of a?
7
Let z(c) = -3*c - 4. Let o be z(-16). Let m = -21 + o. Suppose -m*i + 17*i + 978 = 0. What is the units digit of i?
3
Let z(p) = -15*p**3 - 57*p**2 + 6*p + 27. What is the units digit of z(-9)?
1
Suppose -31 = -2*f - 7. Let d be (f/(-3) - -5) + 125. Suppose 0 = 6*a - 234 - d. What is the units digit of a?
0
Let c = -2435 - -2446. Suppose w + 4*n = 80, w - 84 = -3*n - 0. What is the units digit of -7 + c - w/(-2)?
2
Let u(a) = 28119*a**3 - 96*a**2 + 93*a + 1. What is the units digit of u(1)?
7
Suppose -27*f + 170404 = -2*f - 327371. What is the thousands digit of f?
9
Let g = 80850 + -52915. What is the hundreds digit of g?
9
Suppose 4*c = 10*c - 4020. Suppose c = -51*k + 53*k. What is the units digit of k/9 - 4*6/108?
7
Let n(y) = 15 + 2 + 4 - 6*y. Suppose -q = -0*q + 10. What is the tens digit of n(q)?
8
Let o be (-57)/38 + (-546)/(-4). Let q = o - 79. What is the tens digit of q?
5
Let u(s) = 685*s - 3028. What is the hundreds digit of u(19)?
9
Suppose -6 = -7*t + 1. Let i(h) = 433*h - 25. What is the tens digit of i(t)?
0
What is the tens digit of 66551 - (-2 - (-20 - -16))?
4
Suppose -5*d + 12005 = 1675. Let r = d - 872. What is the units digit of r?
4
Suppose -19*d + 8825 = -14*d. Suppose -106 = -7*i - d. Let l = i - -430. What is the tens digit of l?
9
Suppose -2*f = 5*h - h - 34, 45 = 5